1
What is the remainder when 357313 is divided by 1960?
593
Calculate the remainder when 154107 is divided by 912.
891
What is the remainder when 34928922 is divided by 491956?
46
What is the remainder when 6173150 is divided by 637?
620
Calculate the remainder when 1621569 is divided by 2300.
69
Calculate the remainder when 7543891 is divided by 6.
1
What is the remainder when 14482 is divided by 30?
22
Calculate the remainder when 74113263 is divided by 479.
467
Calculate the remainder when 107982 is divided by 35969.
75
Calculate the remainder when 34894 is divided by 11231.
1201
What is the remainder when 653580 is divided by 10934?
8474
What is the remainder when 13600 is divided by 5603?
2394
What is the remainder when 6146791 is divided by 2048926?
13
What is the remainder when 347515 is divided by 4?
3
Calculate the remainder when 13294941 is divided by 662.
657
What is the remainder when 35431885 is divided by 17715940?
5
What is the remainder when 5395509 is divided by 825?
9
Calculate the remainder when 5257338 is divided by 2405.
8
What is the remainder when 57151 is divided by 6323?
244
What is the remainder when 44919 is divided by 39427?
5492
Calculate the remainder when 31637 is divided by 3014.
1497
Calculate the remainder when 139466 is divided by 112.
26
What is the remainder when 17192579 is divided by 4298121?
95
What is the remainder when 124088271 is divided by 7468?
7451
What is the remainder when 1388736 is divided by 1400?
1336
What is the remainder when 131632 is divided by 90?
52
What is the remainder when 97995762 is divided by 11?
7
Calculate the remainder when 81021 is divided by 297.
237
What is the remainder when 543424 is divided by 448?
0
Calculate the remainder when 81365 is divided by 215.
95
Calculate the remainder when 2450617 is divided by 130.
117
What is the remainder when 1172245 is divided by 89?
26
What is the remainder when 3748247 is divided by 3821?
3667
What is the remainder when 82899 is divided by 102?
75
What is the remainder when 12619065 is divided by 74?
67
Calculate the remainder when 39109929 is divided by 220.
89
What is the remainder when 1374333 is divided by 225?
33
What is the remainder when 10272248 is divided by 425?
423
Calculate the remainder when 7286347 is divided by 560460.
367
Calculate the remainder when 158775591 is divided by 22682227.
2
Calculate the remainder when 65260 is divided by 21692.
184
Calculate the remainder when 304314 is divided by 52.
10
What is the remainder when 1153427 is divided by 1153395?
32
Calculate the remainder when 18864180 is divided by 296.
100
What is the remainder when 139929 is divided by 139842?
87
Calculate the remainder when 6818532 is divided by 5.
2
Calculate the remainder when 15126227 is divided by 4279.
4241
What is the remainder when 117667258 is divided by 79?
76
Calculate the remainder when 2544935 is divided by 223.
59
What is the remainder when 418837 is divided by 5859?
2848
Calculate the remainder when 106515797 is divided by 24.
5
Calculate the remainder when 184146 is divided by 149.
131
Calculate the remainder when 21312791 is divided by 221.
214
What is the remainder when 53234942 is divided by 286?
46
Calculate the remainder when 103130877 is divided by 26850.
27
Calculate the remainder when 29819 is divided by 979.
449
Calculate the remainder when 139308 is divided by 2244.
180
Calculate the remainder when 14120843 is divided by 2017263.
2
What is the remainder when 453413 is divided by 4985?
4763
What is the remainder when 379165 is divided by 1974?
157
What is the remainder when 5333284 is divided by 3280?
4
What is the remainder when 1462204 is divided by 7422?
70
Calculate the remainder when 844664 is divided by 3006.
2984
What is the remainder when 107640198 is divided by 10?
8
What is the remainder when 200485 is divided by 6265?
5
Calculate the remainder when 1885573 is divided by 2510.
563
What is the remainder when 57849235 is divided by 68?
3
What is the remainder when 457861 is divided by 90?
31
What is the remainder when 2144023 is divided by 1548?
43
What is the remainder when 765525 is divided by 1560?
1125
What is the remainder when 28295646 is divided by 12?
6
Calculate the remainder when 39198551 is divided by 3208.
3207
Calculate the remainder when 9940 is divided by 633.
445
What is the remainder when 2150598 is divided by 399?
387
What is the remainder when 1345832 is divided by 234?
98
Calculate the remainder when 54958 is divided by 7.
1
Calculate the remainder when 20232781 is divided by 1144.
1141
Calculate the remainder when 46832 is divided by 803.
258
What is the remainder when 41212 is divided by 3583?
1799
What is the remainder when 211655 is divided by 8135?
145
What is the remainder when 1223164 is divided by 1992?
76
Calculate the remainder when 234861 is divided by 28.
25
What is the remainder when 7077410 is divided by 65?
15
Calculate the remainder when 1569317 is divided by 3.
2
Calculate the remainder when 1955599 is divided by 1285.
1114
Calculate the remainder when 28528691 is divided by 27222.
35
Calculate the remainder when 451501 is divided by 16.
13
Calculate the remainder when 54650229 is divided by 76.
73
What is the remainder when 299184 is divided by 889?
480
Calculate the remainder when 1421993 is divided by 473830.
503
What is the remainder when 167493 is divided by 83695?
103
What is the remainder when 526779 is divided by 175578?
45
Calculate the remainder when 12041112 is divided by 10.
2
What is the remainder when 531056 is divided by 748?
724
Calculate the remainder when 309542 is divided by 43.
28
What is the remainder when 16636887 is divided by 313?
311
What is the remainder when 110671674 is divided by 71?
69
What is the remainder when 11127543 is divided by 10?
3
Calculate the remainder when 2758576 is divided by 197015.
366
What is the remainder when 903246 is divided by 20069?
141
What is the remainder when 4171403 is divided by 1261?
15
Calculate the remainder when 31453071 is divided by 3931633.
7
Calculate the remainder when 223116 is divided by 7762.
5780
What is the remainder when 43319013 is divided by 7?
3
What is the remainder when 187155 is divided by 1751?
1549
Calculate the remainder when 105971114 is divided by 66.
62
Calculate the remainder when 1843150 is divided by 554.
546
What is the remainder when 422235692 is divided by 39?
8
Calculate the remainder when 64589475 is divided by 14.
13
Calculate the remainder when 1178029 is divided by 4467.
3208
Calculate the remainder when 7341054 is divided by 7341035.
19
What is the remainder when 5950032 is divided by 197?
41
What is the remainder when 259185 is divided by 490?
465
What is the remainder when 56656188 is divided by 2622?
12
Calculate the remainder when 916347 is divided by 374.
47
Calculate the remainder when 30284945 is divided by 85.
40
Calculate the remainder when 2495691 is divided by 32.
11
What is the remainder when 50822223 is divided by 213?
210
What is the remainder when 7178962 is divided by 79?
74
What is the remainder when 50835858 is divided by 655?
653
What is the remainder when 316645 is divided by 493?
139
Calculate the remainder when 11765 is divided by 11540.
225
Calculate the remainder when 105856 is divided by 104438.
1418
Calculate the remainder when 9791126 is divided by 82.
80
What is the remainder when 783186 is divided by 22?
8
What is the remainder when 179074 is divided by 337?
127
Calculate the remainder when 2636901 is divided by 1318438.
25
What is the remainder when 4633176 is divided by 2876?
2816
Calculate the remainder when 232826471 is divided by 421.
420
What is the remainder when 34898 is divided by 44?
6
Calculate the remainder when 12622576 is divided by 394.
392
Calculate the remainder when 5121 is divided by 5.
1
Calculate the remainder when 449642 is divided by 14.
4
Calculate the remainder when 26579 is divided by 648.
11
Calculate the remainder when 234937 is divided by 1897.
1606
Calculate the remainder when 13876 is divided by 1257.
49
What is the remainder when 1469391 is divided by 528?
495
What is the remainder when 1044897 is divided by 3403?
176
What is the remainder when 9344919 is divided by 46034?
17
What is the remainder when 28521